001 (base 3) to base 12.
-55a61
1132353 (base 7) to base 4
202303002
1000011101011001111111 (base 2) to base 14
41a23d
Convert -32ab5 (base 12) to base 6.
-1235145
What is -117ba27 (base 12) in base 11?
-1a12896
122010221110212 (base 3) to base 11
5164084
11212020212200 (base 3) to base 7
30650013
11890 (base 14) to base 7
235640
What is 1585403 (base 9) in base 2?
11010111100111001010
Convert -1050b90 (base 12) to base 7.
-35163462
331115 (base 6) to base 9
41622
-230304431 (base 5) to base 4
-3322121100
Convert 8a99a3 (base 11) to base 2.
101100001100000111111
635250 (base 7) to base 12
53719
748520 (base 14) to base 15
52cc47
What is 1101011111111010 (base 2) in base 3?
2210211210
10322000012 (base 4) to base 16
13a006
11011100001101 (base 2) to base 5
422333
Convert -8c52a (base 15) to base 10.
-446665
-c2762 (base 14) to base 5
-104433223
What is -60341 (base 7) in base 14?
-5458
What is -1112122200 (base 4) in base 15?
-6ed1c
Convert 22101022021 (base 3) to base 7.
1254661
3416310 (base 7) to base 6
13034340
441012221 (base 5) to base 13
512c89
What is -112002022102020 (base 3) in base 16?
-7238eb
-10010110111001110111 (base 2) to base 8
-2267167
5044140 (base 6) to base 2
111010011100011100
-102201 (base 3) to base 7
-631
Convert 100101011010110001 (base 2) to base 13.
549b8
What is 101000110110011000 (base 2) in base 6?
3330344
-261c77 (base 14) to base 10
-1311345
Convert 18607262 (base 10) to base 4.
1012332302132
4b863 (base 13) to base 2
100010001001000100
1011001001110010010011 (base 2) to base 3
12111112111222
What is 4a34a (base 16) in base 5?
34211241
Convert -18783 (base 14) to base 5.
-3434410
Convert 1c51c (base 13) to base 11.
38a13
Convert 628011 (base 10) to base 8.
2312453
Convert -1161065 (base 10) to base 14.
-2231b3
467da9 (base 14) to base 3
11112010020211
Convert -11210401 (base 6) to base 14.
-8d2db
What is a59e45 (base 15) in base 16?
783f11
111111110001111101001 (base 2) to base 9
3834788
9632a8 (base 11) to base 6
53013150
What is -27572042 (base 9) in base 11?
-7769491
3477638 (base 11) to base 7
102415021
Convert -e1238c (base 15) to base 8.
-50615630
-302b8 (base 12) to base 11
-43072
8379200 (base 10) to base 16
7fdb40
Convert 10110101100111001 (base 2) to base 9.
151486
What is 37442 (base 10) in base 6?
445202
What is 4c8f (base 16) in base 6?
230423
-20927bb (base 12) to base 10
-6163199
-161482 (base 9) to base 7
-563132
Convert 17bc01 (base 14) to base 15.
118a18
What is 440431330 (base 6) in base 12?
2778546
Convert 11221212102 (base 3) to base 9.
157772
Convert 101211220201220 (base 3) to base 6.
323323553
Convert 34365302 (base 8) to base 9.
15037864
Convert -1000110000010110101100 (base 2) to base 3.
-11022121102212
What is -303413342 (base 5) in base 10?
-1232347
101111221122211 (base 3) to base 14
a56b3d
Convert -9541799 (base 10) to base 14.
-13a5491
Convert -21120222122 (base 4) to base 9.
-4558822
101100010110001 (base 2) to base 8
54261
What is -368233 (base 11) in base 9?
-1076223
What is 401022014 (base 5) in base 12?
642182
What is 769243 (base 16) in base 14?
1063c55
Convert -2002003121 (base 4) to base 2.
-10000010000011011001
What is 121120200110 (base 3) in base 8?
1175331
What is -222231121 (base 4) in base 11?
-10a484
Convert 351be6 (base 16) to base 6.
202333354
210000222 (base 4) to base 10
147498
What is 52c6c (base 14) in base 12?
97900
What is -20331103 (base 5) in base 13?
-5b405
Convert -15344431 (base 6) to base 14.
-101b23
Convert -41482 (base 12) to base 10.
-85346
What is 8d8f (base 16) in base 10?
36239
Convert 3443004 (base 5) to base 9.
104351
-40322255 (base 6) to base 15
-179938
What is -1201121012212 (base 3) in base 12?
-382988
Convert -30142313 (base 5) to base 10.
-240333
Convert -9a7485 (base 11) to base 14.
-2db295
-1001000011010000110110 (base 2) to base 15
-31d027
Convert 31a9544 (base 12) to base 2.
100011111110010111000100
What is -200218 (base 10) in base 8?
-607032
1066466 (base 9) to base 16
8c84d
What is -2501323 (base 7) in base 8?
-1160540
Convert -702c5 (base 13) to base 14.
-53082
1a6747b (base 13) to base 8
41225336
Convert -3bd3cb (base 16) to base 4.
-32331033023
What is 10200001210022 (base 3) in base 13?
5336cc
What is 10101101011000100101111 (base 2) in base 4?
111223010233
-2130401144 (base 5) to base 13
-c31318
Convert -1822ba9 (base 12) to base 2.
-10011001010011000110001
What is -114235630 (base 7) in base 4?
-123011311123
What is -11742725 (base 8) in base 5?
-1131402144
223335520 (base 6) to base 10
4087560
What is -20012022 (base 4) in base 11?
-22a08
21223112 (base 5) to base 13
63aa5
What is -22221122010 (base 3) in base 11?
-110388
110001110101011100 (base 2) to base 10
204124
612548 (base 11) to base 7
11236403
Convert 20323011323 (base 4) to base 16.
23b17b
Convert -180062 (base 14) to base 15.
-11a693
11355116 (base 9) to base 16
545a27
-120422144 (base 5) to base 4
-2020330130
101212221022102 (base 3) to base 10
5785571
What is 2135033 (base 8) in base 6?
20131455
-46565 (base 8) to base 5
-1113304
a7aa (base 15) to base 12
18651
Convert 33885 (base 11) to base 15.
e7a2
Convert -3731368 (base 10) to base 12.
-12bb434
What is 314251 (base 10) in base 16?
4cb8b
5237a (base 13) to base 16
2415f
What is 212866 (base 9) in base 7?
1035516
-34220300 (base 5) to base 8
-1122502
Convert -5033344 (base 6) to base 3.
-110002102001
434cc1 (base 15) to base 9
6025421
What is -33177 (base 10) in base 9?
-50453
Convert -500626 (base 8) to base 2.
-101000000110010110
1010110112011122 (base 3) to base 6
1335000325
Convert 1010110101011110000 (base 2) to base 5.
42330211
-6d024 (base 16) to base 12
-196484
What is -6250664 (base 8) in base 12?
-680304
Convert -28d3a5 (base 16) to base 5.
-1141104441
What is 14367146 (base 9) in base 2?
11011001100110101101000
Convert 30450 (base 12) to base 3.
10012012120
What is 9d60 (base 16) in base 4?
21311200
Convert -3021312 (base 5) to base 6.
-1011432
What is 200bd1 (base 15) in base 16?
17370d
What is 10204001 (base 6) in base 16?
485a1
Convert 15054224 (base 6) to base 4.
1333013020
Convert -22125 (base 15) to base 14.
-2b64c
-415045 (base 6) to base 16
-82e5
Convert -10100000100110010011 (base 2) to base 12.
-278817
What is -56429 (base 16) in base 15?
-6ea4b
What is -1a8280 (base 15) in base 4?
-10323232023
Convert -2276e4 (base 15) to base 14.
-30b7b7
What is -740415 (base 8) in base 10?
-246029
Convert -1001001111111111110 (base 2) to base 11.
-1977a8
3114104344 (base 5) to base 16
6191ed
What is -111000101100101100010 (base 2) in base 11?
-1059951
What is -231200100 (base 4) in base 12?
-8ba40
Convert -52555453 (base 6) to base 13.
-41ba16
Convert 747a06 (base 12) to base 2.
111000000110011100110
Convert 11001111010010101000110 (base 2) to base 4.
121322111012
Convert 304055 (base 11) to base 7.
4103210
Convert 1248016 (base 12) to base 9.
6656380
Convert -2022101112002 (base 3) to base 13.
-33cc4a
Convert -103a39 (base 11) to base 13.
-5a900
Convert 2302030122 (base 4) to base 9.
1332180
-1343030323 (base 5) to base 9
-6503318
10021012102 (base 3) to base 9
107172
200120110210 (base 3) to base 11
22a730
Convert -3591 (base 16) to base 12.
-7b29
What is -140010 (base 11) in base 10?
-219626
What is 390106 (base 10) in base 11?
247102
What is -12021121001 (base 3) in base 14?
-29c51
What is -22cc05 (base 13) in base 6?
-25425453
What is -223535 (base 8) in base 4?
-102131131
What is -50464 (base 8) in base 5?
-1131123
What is 57e8 (base 16) in base 3?
1010212111
185a4 (base 14) to base 15
13347
-215 (base 7) to base 3
-11002
What is -11955540 (base 10) in base 3?
-211111101220210
295061 (base 13) to base 15
14e6ee
Convert -4345303 (base 7) to base 12.
-21819a
1ac610 (base 14) to base 16
e96c6
Convert -403420433 (base 5) to base 13.
-44aacb
What is -112052044 (base 6) in base 12?
-834024
4b99b6 (base 13) to base 7
21322262
What is -8512b (base 14) in base 9?
-538641
Convert -6221488 (base 11) to base 4.
-221321110011
133354 (base 6) to base 7
51211
Convert 1110330413 (base 5) to base 2.
1001010010000011010001
-abb037 (base 12) to base 11
-15a9219
-2a86652 (base 11) to base 5
-2322421104
113322301 (base 4) to base 6
2033321
Convert 6210616 (base 7) to base 5.
142222331
303014040 (base 5) to base 3
